{"id":143,"date":"2015-09-23T05:13:00","date_gmt":"2015-09-23T05:13:00","guid":{"rendered":"http:\/\/www.diestechsrl.com\/sito\/?page_id=2"},"modified":"2020-10-10T08:34:56","modified_gmt":"2020-10-10T06:34:56","slug":"pagina-di-esempio-2","status":"publish","type":"page","link":"http:\/\/www.diestechsrl.com\/sito\/","title":{"rendered":"Home"},"content":{"rendered":"<div id=\"pl-143\"  class=\"panel-layout\" ><div id=\"pg-143-0\"  class=\"panel-grid panel-no-style\" ><div id=\"pgc-143-0-0\"  class=\"panel-grid-cell\" ><div id=\"panel-143-0-0-0\" class=\"so-panel widget widget_metaslider_widget panel-first-child panel-last-child\" data-index=\"0\" ><div id=\"metaslider-id-6\" style=\"max-width: 712px;\" class=\"ml-slider-3-18-2 metaslider metaslider-flex metaslider-6 ml-slider nav-hidden\">\n    <div id=\"metaslider_container_6\">\n        <div id=\"metaslider_6\" class=\"flexslider\">\n            <ul aria-live=\"polite\" class=\"slides\">\n                <li style=\"display: block; width: 100%;\" class=\"slide-7 ms-image\"><img src=\"http:\/\/www.diestechsrl.com\/sito\/wp-content\/uploads\/2015\/09\/dies-712x534.jpg\" height=\"534\" width=\"712\" alt=\"\" class=\"slider-6 slide-7\" \/><\/li>\n                <li style=\"display: none; width: 100%;\" class=\"slide-8 ms-image\"><img src=\"http:\/\/www.diestechsrl.com\/sito\/wp-content\/uploads\/2015\/09\/dies2.jpg\" height=\"534\" width=\"712\" alt=\"\" class=\"slider-6 slide-8\" \/><\/li>\n            <\/ul>\n        <\/div>\n        \n    <\/div>\n<\/div><\/div><\/div><div id=\"pgc-143-0-1\"  class=\"panel-grid-cell\" ><div id=\"panel-143-0-1-0\" class=\"so-panel widget widget_black-studio-tinymce widget_black_studio_tinymce panel-first-child panel-last-child\" data-index=\"1\" ><div class=\"textwidget\"><p><strong>La nostra missione:<br \/>\n<\/strong>Il nostro punto di forza \u00e8 la possibilit\u00e0 di fornire un\u2019ampia gamma di prodotti e tecnologie per stampi. Il servizio mira ad adempiere le richieste del cliente in termini di qualit\u00e0 e competitivit\u00e0..<\/p>\n<p><strong>La gamma dei prodotti:<\/strong><br \/>\nLa gamma e la variet\u00e0 dei prodotti forniti \u00e8 la chiave per la soddisfazione delle pi\u00f9 svariate\u00a0esigenze; il nostro personale \u00e8 alla continua ricerca per il perfezionamento dei prodotti\u00a0forniti;<\/p>\n<p><strong>Info per il cliente:<\/strong><br \/>\nLe collaborazioni commerciali e l\u2019ottimizzazione delle sinergie con le pi\u00f9 importanti\u00a0aziende costruttrici, ci hanno permesso di proporre un servizio capillare di fornitura ed\u00a0assistenza sia sul mercato nazionale che estero;<\/p>\n<\/div><\/div><\/div><\/div><\/div>","protected":false},"excerpt":{"rendered":"<p>La nostra missione: Il nostro punto di forza \u00e8 la possibilit\u00e0 di fornire un\u2019ampia gamma di prodotti e tecnologie per stampi. Il servizio mira ad adempiere le richieste del cliente in termini di qualit\u00e0 e competitivit\u00e0.. La gamma dei prodotti: La gamma e la variet\u00e0 dei prodotti forniti \u00e8 la \u2026<\/p>\n<p> <a class=\"continue-reading-link\" href=\"http:\/\/www.diestechsrl.com\/sito\/\">Continue reading<i class=\"icon-right-dir\"><\/i><\/a><\/p>\n","protected":false},"author":2,"featured_media":0,"parent":0,"menu_order":0,"comment_status":"open","ping_status":"open","template":"","meta":[],"_links":{"self":[{"href":"http:\/\/www.diestechsrl.com\/sito\/wp-json\/wp\/v2\/pages\/143"}],"collection":[{"href":"http:\/\/www.diestechsrl.com\/sito\/wp-json\/wp\/v2\/pages"}],"about":[{"href":"http:\/\/www.diestechsrl.com\/sito\/wp-json\/wp\/v2\/types\/page"}],"author":[{"embeddable":true,"href":"http:\/\/www.diestechsrl.com\/sito\/wp-json\/wp\/v2\/users\/2"}],"replies":[{"embeddable":true,"href":"http:\/\/www.diestechsrl.com\/sito\/wp-json\/wp\/v2\/comments?post=143"}],"version-history":[{"count":19,"href":"http:\/\/www.diestechsrl.com\/sito\/wp-json\/wp\/v2\/pages\/143\/revisions"}],"predecessor-version":[{"id":242,"href":"http:\/\/www.diestechsrl.com\/sito\/wp-json\/wp\/v2\/pages\/143\/revisions\/242"}],"wp:attachment":[{"href":"http:\/\/www.diestechsrl.com\/sito\/wp-json\/wp\/v2\/media?parent=143"}],"curies":[{"name":"wp","href":"https:\/\/api.w.org\/{rel}","templated":true}]}}